87 a composite number?
False
Is 1779929 a prime number?
False
Is 50443 a composite number?
True
Is 194741 a prime number?
False
Is 250427 a prime number?
False
Is 8311 a prime number?
True
Is 1378669 a composite number?
False
Is 4327 a prime number?
True
Is 69953 a composite number?
True
Is 832009 a composite number?
True
Is 1104511 composite?
False
Is 357341 composite?
True
Is 19849 prime?
False
Is 164701 a composite number?
False
Is 958121 a prime number?
True
Is 14431 a composite number?
False
Is 251 a composite number?
False
Is 1921 composite?
True
Is 34171 a prime number?
True
Is 14797 a composite number?
False
Is 1247 composite?
True
Is 202019 a prime number?
False
Is 55291 a composite number?
False
Is 447611 a composite number?
False
Is 110119 a prime number?
True
Is 117371 a composite number?
False
Is 61861 prime?
True
Is 5584177 a prime number?
False
Is 260137 a prime number?
True
Is 567561 a prime number?
False
Is 1584389 prime?
True
Is 16447 prime?
True
Is 422467 a composite number?
True
Is 23459 composite?
False
Is 161957 composite?
False
Is 64291 a prime number?
False
Is 5969 a composite number?
True
Is 50603 a prime number?
False
Is 170207 prime?
True
Is 51361 a prime number?
True
Is 2579 composite?
False
Is 111211 composite?
False
Is 3251 prime?
True
Is 319 prime?
False
Is 1141 prime?
False
Is 35897 composite?
False
Is 26801 composite?
False
Is 400823 a composite number?
False
Is 33313 a composite number?
True
Is 3271 a composite number?
False
Is 1072301 prime?
True
Is 520781 prime?
False
Is 9661 composite?
False
Is 11129 composite?
True
Is 101753 composite?
True
Is 70673 composite?
True
Is 720829 prime?
True
Is 16855 a prime number?
False
Is 1259 a prime number?
True
Is 19907 composite?
True
Is 913 prime?
False
Is 21946 a prime number?
False
Is 1811 a composite number?
False
Is 29905 composite?
True
Is 207769 a prime number?
True
Is 673 a prime number?
True
Is 382427 composite?
False
Is 153623 a prime number?
True
Is 1883 composite?
True
Is 14689 composite?
True
Is 57119 a prime number?
True
Is 3695899 prime?
False
Is 4393 a composite number?
True
Is 406339 a prime number?
True
Is 93707 composite?
True
Is 245711 a prime number?
True
Is 5401 a prime number?
False
Is 7563 a composite number?
True
Is 3683 a composite number?
True
Is 22009 composite?
True
Is 27769 prime?
False
Is 412223 a prime number?
False
Is 247711 prime?
True
Is 4937 a composite number?
False
Is 260557 prime?
False
Is 899 composite?
True
Is 2434093 composite?
True
Is 311941 a prime number?
False
Is 306329 composite?
False
Is 464069 a composite number?
False
Is 56659 composite?
False
Is 123419 composite?
False
Is 182327 composite?
True
Is 5143 a prime number?
False
Is 154051 prime?
False
Is 3155 composite?
True
Is 93455 a prime number?
False
Is 302551 a composite number?
False
Is 9505 composite?
True
Is 452203 a prime number?
False
Is 325849 prime?
True
Is 253263 prime?
False
Is 975863 composite?
True
Is 5833 composite?
True
Is 5667 prime?
False
Is 304933 composite?
False
Is 300217 a composite number?
True
Is 20005 a composite number?
True
Is 6241 a composite number?
True
Is 138739 a composite number?
False
Is 7327 composite?
True
Is 27955 a composite number?
True
Is 171533 prime?
False
Is 1915 a composite number?
True
Is 1541 a composite number?
True
Is 86459 composite?
True
Is 17021 composite?
False
Is 38359 a prime number?
False
Is 5839 composite?
False
Is 20626 a prime number?
False
Is 1201 a composite number?
False
Is 3935 a composite number?
True
Is 8351 prime?
False
Is 19841 a prime number?
True
Is 3295 composite?
True
Is 667379 a composite number?
False
Is 53338 a prime number?
False
Is 2843 prime?
True
Is 8461 a composite number?
False
Is 31334 prime?
False
Is 245237 prime?
False
Is 5273 composite?
False
Is 1110743 prime?
True
Is 249089 composite?
False
Is 9791 a composite number?
False
Is 190939 a composite number?
True
Is 427519 a composite number?
True
Is 1062097 a prime number?
False
Is 46471 a composite number?
False
Is 29599 a prime number?
True
Is 305209 prime?
True
Is 97397 composite?
False
Is 137967 a composite number?
True
Is 6469 prime?
True
Is 10727 a composite number?
True
Is 1399 prime?
True
Is 84299 prime?
True
Is 182387 a composite number?
False
Is 5908303 composite?
False
Is 77399 a prime number?
False
Is 21001 a composite number?
False
Is 1383199 a prime number?
True
Is 49193 a prime number?
True
Is 16997 a prime number?
False
Is 27361 composite?
False
Is 4197 composite?
True
Is 7417 prime?
True
Is 51115 composite?
True
Is 18617 prime?
True
Is 67109 prime?
False
Is 605459 a composite number?
True
Is 542902 a prime number?
False
Is 31523 prime?
False
Is 18371 prime?
True
Is 72307 a prime number?
True
Is 91331 a prime number?
True
Is 4145 prime?
False
Is 55015 composite?
True
Is 9587 prime?
True
Is 56293 a composite number?
True
Is 3371 prime?
True
Is 10211 prime?
True
Is 260747 prime?
True
Is 600515 composite?
True
Is 93371 prime?
True
Is 12809 a prime number?
True
Is 9969 prime?
False
Is 290197 a composite number?
True
Is 147919 a composite number?
False
Is 7993 composite?
False
Is 10929 composite?
True
Is 1651 composite?
True
Is 654671 prime?
True
Is 190201 a composite number?
True
Is 82519 a composite number?
True
Is 116135 a composite number?
True
Is 199103 composite?
False
Is 228539 composite?
False
Is 34679 a composite number?
False
Is 6257 a prime number?
True
Is 4117 a composite number?
True
Is 63689 prime?
True
Is 5815 prime?
False
Is 10871 prime?
False
Is 338099 composite?
True
Is 396293 composite?
False
Is 5669 prime?
True
Is 285027 a composite number?
True
Is 70601 composite?
True
Is 897613 composite?
True
Is 7835 composite?
True
Is 41453 a prime number?
True
Is 1073 composite?
True
Is 587 a composite number?
False
Is 7771 prime?
False
Is 6271 prime?
True
Is 10198 a composite number?
True
Is 11399 a composite number?
False
Is 302903 composite?
False
Is 1497031 prime?
True
Is 4007305 a prime number?
False
Is 800391 a prime number?
False
Is 107311 composite?
True
Is 253898 a prime number?
False
Is 294157 a prime number?
True
Is 226805 a prime number?
False
Is 71867 a composite number?
False
Is 110419 a prime number?
True
Is 48017 prime?
True
Is 20089 composite?
False
Is 60733 a composite number?
False
Is 1139 prime?
False
Is 7971 composite?
True
Is 324389 composite?
True
Is 19911 composite?
True
Is 4111 a prime number?
True
Is 156539 a composite number?
False
Is 98317 composite?
False
Is 213067 composite?
False
Is 405239 a composite number?
False
Is 32467 composite?
False
Is 819161 composite?
True
Is 12955 composite?
True
Is 248549 a prime number?
False
Is 4721 composite?
False
Is 159043 a prime number?
False
Is 180713 prime?
False
Is 323161 composite?
True
Is 64217 composite?
False
Is 4399 a prime number?
False
Is 1411 a composite number?
True
Is 76343 a composite number?
False
Is 333563 prime?
True
Is 26905 composite?
True
Is 17111 prime?
False
Is 201 a composite number?
True
Is 23809 composite?
True
Is 7051 composite?
True
Is 43913 a composite number?
False
Is 337397 a prime number?
True
Is 744539 composite?
False
Is 38149 prime?
True
Is 24754 prime?
False
Is 125089 prime?
False
Is 1835 a composite number?
True
Is 60589 a prime number?
True
Is 4406 a composite number?
True
Is 1531 composite?
False
Is 73889 prime?
False
Is 1770481 a prime number?
True
Is 272661 composite?
True
Is 13043 composite?
False
Is 803243 prime?
False
Is 1823 prime?
True
Is 154763 prime?
False
Is 12307 composite?
True
Is 1265321 a composite number?
False
Is 103913 prime?
True
Is 111721 prime?
True
Is 7559 composite?
False
Is 8513 a prime number?
True
Is 94873 prime?
True
Is 1256095 prime?
False
Is 23251 a composite number?
False
Is 11789 a composite number?
False
Is 1310137 prime?
True
Is 403951 composite?
False
Is 514555 prime?
False
Is 519769 composite?
False
Is 11215 a prime number?
False
Is 163367 a composite number?
False
Is 2703973 prime?
True
Is 16697 a prime number?
False
Is 139789 a prime number?
False
Is 42557 composite?
False
Is 131167 composite?
True
Is 625547 prime?
False
Is 43471 composite?
True
Is 141 a composite number?
True
Is 251 a composite number?
False
Is 60657 a composite number?
True
Is 423949 composite?
False
Is 4031 a pri